Let p(u) = -24 - 18 - 25 + 65 + u**3. Suppose 2*h + 2*z + 2 = -0*z, -h + z + 5 = 0. Give p(h).
6
Let h(i) = i - 4. Let k be h(2). Suppose j + 4*j + 4*s = 39, -5*s = 5*j - 40. Let x(c) = 2 - j*c + 5 - 6. Calculate x(k).
15
Let s be (-116)/87*(1/2 + -1). Let l(c) be the first derivative of 1/2*c**2 + 0*c - 1/4*c**4 + s*c**3 - 1. What is l(3)?
-6
Let c(x) = 47 - 114 + 43 + 4*x + 50 + 0*x. Determine c(-6).
2
Let q(x) = 21*x - 9. Let y(d) = -5*d + 2. Let p(c) = -2*q(c) - 9*y(c). Let l be p(-2). Let t(o) = 0 - o**2 + 5 - 4*o - 5 + 6. Calculate t(l).
-6
Let c(w) = 8*w**3 - 11*w**2 + 11*w - 13. Let l(i) = -7*i**3 + 11*i**2 - 11*i + 12. Let b(p) = -6*c(p) - 7*l(p). Give b(10).
4
Let w be (21/(-35))/((-1)/10). Suppose w = 3*p - 0. Suppose -7*u + 25 = -p*u. Let y(x) = x**2 - 3*x - 7. What is y(u)?
3
Let a(x) = -3*x**3 - x**2 + 1. Suppose -11*b = -16*b - 5. Determine a(b).
3
Let v(j) = j**2 + 10*j - 2. Let x be v(-11). Let l = -6 + x. Suppose -5*y - l = 2. Let t(w) = -2*w**2 + w + 1. Determine t(y).
-2
Let o(z) be the third derivative of -z**5/60 + 3*z**4/8 - 4*z**3/3 + z**2. Let d be 710/213 - 28/(-6). What is o(d)?
0
Let f be (-48)/(-40)*1*(1 + 4). Let n(g) = 4*g + 5. What is n(f)?
29
Let x(p) be the third derivative of -p**3 + 0 + 0*p + 9*p**2 + 1/24*p**4. Suppose 3*j - 12 = 0, 5*h + 5*j - 20 = -0*j. What is x(h)?
-6
Let g(p) = 2*p + 2. Suppose -2*n + 0*n = 3*v - 97, 2*v = 5*n + 90. Suppose -2*c - 5 = -v. Suppose -3 = -6*j - c. Calculate g(j).
-2
Let q(j) = -j + 11. Let s be q(11). Let v be -2*(26/(-4) + s). Suppose -2 = -3*o + v. Let u(a) = a**2 - 8*a + 2. What is u(o)?
-13
Let a = -58 - -67. Let d(i) be the first derivative of i**4/4 - 10*i**3/3 + 9*i**2/2 + 5*i + 20. Calculate d(a).
5
Let j(f) = 14 - 1 + 18*f + 3*f**2 - 5*f**2 - 27. Give j(8).
2
Let n(a) = a. Let k(g) = -g. Let p(w) = -3*k(w) - 4*n(w). Let m be (-515)/(-35) + 4/14. Suppose m = 30*u - 27*u. Calculate p(u).
-5
Let x be 12/21 - (2592/63)/9. Let j(i) = 4*i + 10. Determine j(x).
-6
Let y(a) = a**2 + 3*a. Let i be y(-3). Let t = 9 + i. Let w(g) = -5*g - 3*g + 8*g + t*g. Calculate w(-1).
-9
Let z(q) = -2*q - 2. Let k be (-9 + 48/3)*(0 + -1). What is z(k)?
12
Let d(b) be the second derivative of b**5/20 - b**4/2 - b**3 - 3*b**2 + 14*b. Suppose 0 = 4*t - 2*v - 20, -2*v - 11 - 2 = -3*t. Calculate d(t).
1
Let o = -87 - -411. Let u be o/24*(-4)/6. Let q(r) = -2*r - 11. Calculate q(u).
7
Let s(n) = n**2 + n + 2. Let r(h) = 2*h**2 + 6*h + 11. Let u(p) = -r(p) + 3*s(p). What is u(6)?
13
Let z(c) = -3*c + 3. Let r = -18 + 18. Let d be z(r). Let n(k) = 2*k**2 - 3*k - 4. Determine n(d).
5
Let w(j) = j**3 - 7*j**2 + 2*j + 6. Let r(p) = p**3 - 6*p**2 + 4. Let k(f) = -2*r(f) + 3*w(f). Determine k(8).
-6
Let m(y) = y**3 + 4*y**2 - 7*y - 2. Suppose -2*u + 95 = 3*v, v + 4 = -5*u + 14. Suppose 4*x + 3*x = -v. Determine m(x).
8
Let a(l) be the second derivative of -l**5/20 - 5*l**4/12 + l**3/6 - 36*l. What is a(-4)?
-20
Let x(m) = -m**2 - 12*m - 5. Suppose 0 = 6*c + 74 - 8. Calculate x(c).
6
Let h(i) = -i**3 + 4*i**2 + 4*i - 7. Let k(l) = l - 11. Let v be k(8). Let x be (-3 + 8)/(v + 4). Give h(x).
-12
Let r(u) be the third derivative of 0 + 5*u**2 + 1/120*u**5 + 1/24*u**4 + 0*u + 2/3*u**3. Let f(x) be the first derivative of r(x). Give f(6).
7
Let n(c) = -11*c + 10. Let u(m) = 3*m - 1. Let x(i) = -n(i) - 3*u(i). Calculate x(5).
3
Let n(j) = -j**2 + 2*j**2 + 49*j - 41*j + 15 - 11. What is n(-7)?
-3
Suppose -10 = 2*z, -5*s + 3*z = -6 - 9. Let v(c) be the second derivative of -4*c - 1/12*c**4 + 0 + 1/6*c**3 - 9/2*c**2. Determine v(s).
-9
Suppose 17 = o - 3*m - 2*m, -4*m = 3*o + 6. Let z(b) = -b**o + 2 - 9*b - 7*b + 5*b + 3. Let j be z(-12). Let g(u) = u**2 + 7*u + 1. Calculate g(j).
1
Suppose 12 = 3*k, 0 = y - 4*y + 2*k - 32. Let s(o) = o**3 + 6*o**2 - 13*o + 17. Let x be s(y). Let w(h) = h**2 + 8*h + 7. Calculate w(x).
0
Let v(k) = -4*k + 3. Let p = 398 + -396. Determine v(p).
-5
Let f(u) be the second derivative of -u**3/6 - 3*u**2/2 - 45*u. What is f(-9)?
6
Let c(m) = m**3 - 15*m**2 + 14*m - 3. Suppose -145*o = -141*o - 56. What is c(o)?
-3
Let m be (3/(-9) - 0)*(-6)/1. Let j(s) = -30*s**2 - 5 + 31*s**m + 4 + 7*s. What is j(-7)?
-1
Let c(b) = 14*b - 2. Let f(u) = 4*u. Let g(j) = -3*c(j) + 10*f(j). Calculate g(12).
-18
Let h be ((-8)/2)/(3/(-6)). Let z = h - 6. Let n(f) = 4*f - 4*f - z + 2*f. Determine n(6).
10
Let i(q) = -2*q + 16. Suppose 0*k - 5*k + 90 = 0. Let p = 29 - k. Give i(p).
-6
Let h(x) = -3*x + 3. Suppose 3*a + 0*p - 3*p + 36 = 0, 2*p + 20 = -2*a. Let d = -10 - a. Suppose d - 26 = -5*m. What is h(m)?
-12
Let z(s) = -6*s**2 + 14*s. Let y(d) = -8*d**2 + 17*d. Let v(t) = 5*y(t) - 6*z(t). Give v(1).
-3
Let a(u) = u**3 - u**2 - u + 1. Let g(k) = -2*k - 6. Let r be (-3 - -2)/2*6. Let x be g(r). Calculate a(x).
1
Let g(y) = 2*y**3 - y**2 - 2*y + 1. Let j be g(2). Let t = 4 + -2. Let f be (-7 + j)/(1*t). Let p(x) = 11*x**3 + x**2. Determine p(f).
12
Let j(z) = -z + 6. Let a = -10 - -4. Let h = a + 6. Suppose 3*x + 5*p - 25 = -h*x, 2*x - p + 5 = 0. Give j(x).
6
Let k(t) = t**3 - 3*t**2 - 2*t + 2. Suppose -6 = -5*o + 3*o - 3*c, -4*o - 5*c + 10 = 0. Suppose -10 = -3*i + j, o = 3*i - 3*j + 4*j - 8. Determine k(i).
-4
Let h(m) = m - 16. Let q be h(19). Suppose -2*l + 5*l = q*g, -5*g + 3 = -4*l. Let p(o) = o**3 - 3*o**2 + 3*o - 2. Calculate p(g).
7
Suppose 3*t - 19 = -2*v, -t = 3*v + 5 - 44. Suppose v + 12 = -3*m + 4*i, 2*m - i + 14 = 0. Let d(s) = -s**3 - 5*s**2 + 10*s + 8. Calculate d(m).
-16
Let a(b) = -7*b - 24. Suppose 18*h + 166 - 76 = 0. Give a(h).
11
Let a(k) be the second derivative of k**4/12 - 2*k**3/3 + 3*k**2 + 2*k. Let v be 5 + (45/(-40) - (-2)/16). Calculate a(v).
6
Let a be (180/(-27))/(5/(-6)). Let p(z) = z**2 - 5*z - 25. Determine p(a).
-1
Suppose -4*s = -4*u - 7*s - 21, 5*s + 9 = 2*u. Let w(v) = -v**2 - 3*v - 3. Determine w(u).
-3
Let l(a) = -a**2 + 6*a + 6. Let j(o) = -o**2 - 7*o + 22. Let t be j(-9). Suppose -3*f + f - t*i + 12 = 0, 0 = -3*f - i + 18. Determine l(f).
6
Let g = 8 - 12. Let z be 6 + 0/(-1) + g. Let y(o) = 4*o + o - z*o - 4 - 1. Give y(4).
7
Let u(a) = -5*a - 6. Suppose 2*x - 6*x - 28 = 0. What is u(x)?
29
Suppose 5*k - 13 = 3*g - 0*k, 0 = -4*g - 3*k + 2. Let q(m) = -m**2. Let o(r) = 2*r**2 + r - 1. Let f(j) = g*q(j) - o(j). Calculate f(-3).
-5
Let c(r) = -r**2 - 2 - 13 + 10*r**2 - 10*r**2 - 7*r - 10*r. Give c(-14).
27
Let b(g) = g**2 + 5*g + 6. Let d be (-3)/(2 + 15/(-12)). Let o be b(d). Let z(p) = o*p + 5*p - 3*p - 3*p - 2. What is z(5)?
3
Let y(d) = -4*d + 12*d - 123 - d**3 + 58 + 61 - 7*d**2. Determine y(-8).
-4
Let u(n) = -n**3 + 3*n**2 + 7*n + 1. Let m(s) = s**3 - 5*s**2 - 3*s + 11. Let a be m(5). Let q be 64/(-16)*5/a. Give u(q).
-14
Suppose -3*m + 21 = 4*z, 0*m - 4*m = 2*z - 18. Suppose -12 = -3*a, -m*o - 4*a + 11 = a. Let b(c) = -5*c - 1. Give b(o).
14
Let z(n) = n**2 - 9*n - 2. Suppose -4*t + 116 = 76. Calculate z(t).
8
Let v(u) = -u**3 + 7*u**2 - 2*u + 2. Let m(y) = y**3 - 13*y**2 + 3*y - 4. Let w = 61 + -66. Let o(z) = w*v(z) - 3*m(z). Determine o(-3).
-19
Let z(x) = -33*x**3 - 2*x**2 + 1. Suppose -3*m + 102 = 105. Give z(m).
32
Let r(o) = 3*o**3 + o + 1. Let v(h) = -4*h**3 - 2*h**2 - h. Let q(t) = -r(t) - v(t). Calculate q(-1).
0
Let a(m) = -m**3 - 9*m**2 + 7*m + 5. Let u(t) = t**3 + 8*t**2 - 5*t - 4. Let s(z) = 4*a(z) + 5*u(z). Let q(g) = -g + 2. Let k be q(5). Determine s(k).
0
Suppose -3*u + 494 = -5*x, 4*u = 2*x - u + 190. Let y = 104 + x. Let n(q) = -q**3 + 5*q**2 - 3*q + 1. Calculate n(y).
5
Let f(q) be the third derivative of q**6/120 + q**5/20 + q**4/12 + 2*q**3/3 - 96*q**2. What is f(-3)?
-2
Let u(j) = 2 - 5*j + 2*j - 3 + j**2. Let o(h) = -89*h**3 + 3*h**2 - h - 1. Let n be o(1). Let w = -90 - n. Calculate u(w).
9
Suppose 3*j + 61 = 2*i + 3*i, 0 = 3*i - 2*j - 37. Let m(s) = s - 6. Calculate m(i).
5
Suppose -2*t = -3*t + 2. Let i(b) = 5*b - 1 - b**2 - 4*b**2 + 6*b**2 - t. Let a be (-105)/20 - 2/(-8). What is i(a)?
-3
Let h(s) = -6*s**2 - s - 1. Let o(m) be the second derivative of m**3/6 + 6*m**2 - 3*m. Let p be o(-8). Let c = p + -5. Give h(c).
-6
Let d(u) = -21 - 4*u**3 - 2*u**3 + 26 + 7*u**3 - 4*u**2 - 4*u. Calculate d(4).
-11
Suppose 4*o + 2*s + 51 = -s, 2*o + 29 = -5*s. Let l = 17 + o. Let k(x) = 2*x - 7. Determine k(l).
3
Let j(l) = -7*l - 4.